
In base 8, what is 244352 + 12464?
257036
In base 2, what is 110110011000 + 110110001011010?
111100111110010
In base 2, what is -100101111 + 1010001100101?
1001100110110
In base 5, what is -2042334 - -140324?
-1402010
In base 15, what is 181 + -7c44?
-7ab3
In base 7, what is 1603 + -146066?
-144163
In base 10, what is -6 - 27910?
-27916
In base 9, what is 7307 + -5745?
1452
In base 8, what is -221216 + -477?
-221715
In base 6, what is 12432 + 203242?
220114
In base 11, what is -337730674 + 2?
-337730672
In base 7, what is 0 + -160504605?
-160504605
In base 16, what is -c6ca3 + 23f?
-c6a64
In base 5, what is -11031 - -13121002?
13104421
In base 2, what is 101110011001 - -10111011?
110001010100
In base 15, what is 2382 - 9a?
22d7
In base 7, what is -16 - -116516002?
116515653
In base 7, what is 4402 - -640115?
644520
In base 10, what is -5814043 + -1?
-5814044
In base 14, what is -cd3968 + -10?
-cd3978
In base 14, what is 3 - -215211?
215214
In base 3, what is 111 + 1120222202122?
1120222210010
In base 10, what is 1819 + 437?
2256
In base 12, what is -61 - 608531?
-608592
In base 14, what is 5a74b565 + -3?
5a74b562
In base 16, what is -88bf + 26?
-8899
In base 4, what is -2321 + -13003101?
-13012022
In base 10, what is -2 - 7919091?
-7919093
In base 13, what is 514b + -1ca?
4c51
In base 4, what is -22110111 + 1133?
-22102312
In base 6, what is -414201 - 101310?
-515511
In base 7, what is -46215 + -515?
-50033
In base 16, what is a - -1d1c6f?
1d1c79
In base 7, what is 136533 + -5214?
131316
In base 16, what is -1b2739a2 + 3?
-1b27399f
In base 15, what is -3a - 13a3a7?
-13a3e2
In base 14, what is -1943aba + -2?
-1943abc
In base 14, what is -7a - -928d3?
92857
In base 3, what is -1 - 11211200101010?
-11211200101011
In base 4, what is -1212230023320 - 21?
-1212230030001
In base 13, what is 1413 + 10670?
11a83
In base 10, what is -197994 - -120?
-197874
In base 13, what is aa - 2652b?
-26451
In base 8, what is -12733 - -1564?
-11147
In base 9, what is -4 - -5110253?
5110248
In base 3, what is -2121110020112 + -1022?
-2121110021211
In base 11, what is -218 - -6708?
64a0
In base 9, what is 80065 + 88?
80164
In base 6, what is -335 - 313102243?
-313103022
In base 14, what is 5bccd6 + -6?
5bccd0
In base 15, what is 4e6 + -31b2?
-2bbb
In base 11, what is 329 + -126689?
-126360
In base 10, what is -3370 + 4495?
1125
In base 10, what is 501 + -2?
499
In base 8, what is -214 - 16153?
-16367
In base 8, what is 401177 + 141?
401340
In base 8, what is 474 + -424263?
-423567
In base 13, what is -9b - -159a09?
15993b
In base 12, what is 20 + -1557ba?
-15579a
In base 16, what is 1557e + -155?
15429
In base 9, what is 328188 - 63?
328125
In base 2, what is -100110011010000001110000 - -1?
-100110011010000001101111
In base 6, what is -1423230 + -145?
-1423415
In base 7, what is 4 + -2040405240?
-2040405233
In base 5, what is 41121 - 3312404?
-3221233
In base 2, what is -100111001001010001100111 + 1?
-100111001001010001100110
In base 6, what is -3432243 - -24?
-3432215
In base 4, what is 30 + -20001002?
-20000312
In base 15, what is 3 - -24ba73?
24ba76
In base 15, what is d46 - 1443?
-5ec
In base 15, what is 0 + 81495e?
81495e
In base 5, what is -2043421 - 1040?
-2100011
In base 16, what is 9b2fe + 71?
9b36f
In base 2, what is 1100010010101101110111011001 - 11?
1100010010101101110111010110
In base 9, what is -864508 + 2?
-864506
In base 15, what is 1b8368 - -18?
1b8381
In base 15, what is -3 - 57a458?
-57a45b
In base 9, what is 1 + -17417404?
-17417403
In base 11, what is 3 + -3394369?
-3394366
In base 12, what is 3265b - -b1?
32750
In base 12, what is -b6041 + -15?
-b6056
In base 5, what is -111042 - 1420?
-113012
In base 11, what is -330 - 8296?
-8616
In base 15, what is -9298 + 398?
-8e00
In base 7, what is 1 + 6422452?
6422453
In base 7, what is -12 - 232651523?
-232651535
In base 4, what is 0 - -112300331201?
112300331201
In base 7, what is -10643560 + -6?
-10643566
In base 16, what is 200 - 1504?
-1304
In base 10, what is -953809 + -223?
-954032
In base 3, what is 212212101022120 + -110?
212212101022010
In base 12, what is 18b3527a + 4?
18b35282
In base 3, what is 0 + 11002200120201?
11002200120201
In base 14, what is 111809c + -4?
1118098
In base 7, what is -4 + 35262624?
35262620
In base 14, what is 8b + 4369?
4416
In base 5, what is -1040 + 31434?
30344
In base 8, what is 5 + -366755341?
-366755334
In base 12, what is 21bb27 + -1433?
21a6b4
In base 9, what is 11028 + -685?
10233
In base 10, what is -82 + 236731?
236649
In base 4, what is 322332 + 100030003?
101013001
In base 9, what is -421 - 25127?
-25548
In base 14, what is 1b42cd3b - -3?
1b42cd40
In base 3, what is 101 - 12200011111112?
-12200011111011
In base 8, what is -163 + 125010?
124625
In base 3, what is -1122221222121111 - -112?
-1122221222120222
In base 3, what is 10111111120 + -1010?
10111110110
In base 12, what is 44 + -39286?
-39242
In base 5, what is 20330 + 2140?
23020
In base 9, what is 423 + 7172?
7605
In base 4, what is 31110022103232 - 10?
31110022103222
In base 11, what is 3 - 26230915?
-26230912
In base 13, what is 8 - 48bc569?
-48bc561
In base 16, what is -7 - -eeb0?
eea9
In base 16, what is -730 - 121e9?
-12919
In base 8, what is -744260242 - -1?
-744260241
In base 2, what is 101010 - -100011010110110101?
100011010111011111
In base 9, what is 60485 + -227?
60257
In base 3, what is 101 + -102000002201?
-102000002100
In base 2, what is 11 - -11000101001100010111001?
11000101001100010111100
In base 3, what is 200 + 1101010211?
1101011111
In base 2, what is 11011001000000110100 - -10101001?
11011001000011011101
In base 7, what is 2114414 + 4434?
2122151
In base 9, what is 2821171 + 103?
2821274
In base 8, what is 12210474 - 2?
12210472
In base 3, what is -21210010 + -2022?
-21212102
In base 2, what is 10000011 - -1000000111100111?
1000001001101010
In base 6, what is 2241 - 5431220?
-5424535
In base 3, what is 10202001 + -1201110?
2000121
In base 5, what is 34101 - -123013?
212114
In base 2, what is -1000101000011110110001100 + -1?
-1000101000011110110001101
In base 13, what is -804623 - -5?
-80461b
In base 8, what is 31676 - 402?
31274
In base 4, what is 20 + 1120233030211?
1120233030231
In base 6, what is 35222203135 + -4?
35222203131
In base 11, what is 109111a - 14?
1091106
In base 2, what is 11010011110100110 + 1101000111011?
11100000111100001
In base 11, what is 1a58 + -117895?
-115938
In base 16, what is 16c1 + -122c?
495
In base 6, what is -143434120 - 1?
-143434121
In base 3, what is -20121 + 1110100020022?
1110022222201
In base 5, what is -11 + -123010010101?
-123010010112
In base 8, what is -46116 - 4517?
-52635
In base 5, what is 111 + 132131033?
132131144
In base 7, what is -10 + -22436103?
-22436113
In base 11, what is 1906 - -577a7?
59602
In base 4, what is -2 - 2020123220202?
-2020123220210
In base 4, what is -102233321 - -332222?
-101301033
In base 5, what is 420304134 + -3314?
420300320
In base 7, what is 535 - -3042305?
3043143
In base 5, what is -10 + 21020133143?
21020133133
In base 2, what is 100101111010 + -110111101011?
-10001110001
In base 9, what is 7750 + 8106?
16856
In base 11, what is 32336 + -3a94?
29352
In base 5, what is -212000 + 1100000?
333000
In base 11, what is 523715 + 4?
523719
In base 5, what is 42 + -204221134?
-204221042
In base 6, what is 23054 + 352?
23450
In base 16, what is -4 - -a255c?
a2558
In base 2, what is 11010011101101 + 1000011001?
11011100000110
In base 8, what is -312 - -115334?
115022
In base 3, what is 1020010210202 + 122000?
1020011102202
In base 9, what is -1385252 + 15?
-1385236
In base 6, what is 1412421502 - 4?
1412421454
In base 2, what is 1010010001110011001111101001 + 11?
1010010001110011001111101100
In base 4, what is 2112323 - 211100?
1301223
In base 6, what is 203 - 22240004?
-22235401
In base 13, what is 5b0 - 30a?
2a3
In base 12, what is -1ba3b7 - -5?
-1ba3b2
In base 13, what is 222a34 - -10?
222a44
In base 16, what is 9a859 + -2?
9a857
In base 6, what is 50152 + 120443?
211035
In base 6, what is 35432 + -10034?
25354
In base 8, what is -3410 - -701522?
676112
In base 3, what is -100120002200 - 112000?
-100120121200
In base 12, what is 68 + -12a81b?
-12a773
In base 7, what is -353 - -1421335?
1420652
In base 14, w